{"id":3,"date":"2023-05-26T06:27:10","date_gmt":"2023-05-26T06:27:10","guid":{"rendered":"http:\/\/spa4hotels.com\/?page_id=3"},"modified":"2025-01-02T16:01:17","modified_gmt":"2025-01-02T15:01:17","slug":"privacy-policy","status":"publish","type":"page","link":"https:\/\/spa4hotels.com\/?page_id=3","title":{"rendered":"Pol\u00edtica Privacidad"},"content":{"rendered":"\t\t<div data-elementor-type=\"wp-page\" data-elementor-id=\"3\" class=\"elementor elementor-3\" data-elementor-post-type=\"page\">\n\t\t\t\t\t\t<section class=\"elementor-section elementor-top-section elementor-element elementor-element-f2f5d20 elementor-section-boxed elementor-section-height-default elementor-section-height-default\" data-id=\"f2f5d20\" data-element_type=\"section\">\n\t\t\t\t\t\t<div class=\"elementor-container elementor-column-gap-default\">\n\t\t\t\t\t<div class=\"elementor-column elementor-col-100 elementor-top-column elementor-element elementor-element-67ecc61\" data-id=\"67ecc61\" data-element_type=\"column\">\n\t\t\t<div class=\"elementor-widget-wrap elementor-element-populated\">\n\t\t\t\t\t\t<div class=\"elementor-element elementor-element-8fb377c elementor-widget elementor-widget-heading\" data-id=\"8fb377c\" data-element_type=\"widget\" data-widget_type=\"heading.default\">\n\t\t\t\t<div class=\"elementor-widget-container\">\n\t\t\t\t\t<h2 class=\"elementor-heading-title elementor-size-default\">Pol\u00edtica Privacidad<\/h2>\t\t\t\t<\/div>\n\t\t\t\t<\/div>\n\t\t\t\t<div class=\"elementor-element elementor-element-27fa70be elementor-widget elementor-widget-text-editor\" data-id=\"27fa70be\" data-element_type=\"widget\" data-widget_type=\"text-editor.default\">\n\t\t\t\t<div class=\"elementor-widget-container\">\n\t\t\t\t\t\t\t\t\t\n<p>Le informamos sobre nuestra Pol\u00edtica de Privacidad respecto del tratamiento y protecci\u00f3n de los datos de car\u00e1cter personal de los usuarios y clientes que puedan ser recabados durante la navegaci\u00f3n, al comprar un producto o contratar un servicio a trav\u00e9s del sitio Web www.spaserena.com<\/p>\n\n<p>En este sentido, SPA 4 HOTELS S.L., garantiza el cumplimiento de la normativa vigente en materia de protecci\u00f3n de datos personales, reflejada en la Ley Org\u00e1nica 3\/2018, de 5 de diciembre, de Protecci\u00f3n de Datos Personales y de Garant\u00eda de Derechos Digitales (LOPD GDD). Cumple tambi\u00e9n con el Reglamento (UE) 2016\/679 del Parlamento Europeo y del Consejo de 27 de abril de 2016 relativo a la protecci\u00f3n de las personas f\u00edsicas (RGPD).<\/p>\n\n<p>El uso de sitio Web implica la aceptaci\u00f3n de esta Pol\u00edtica de Privacidad as\u00ed como las condiciones incluidas en el Aviso Legal.<\/p>\n\n<p><strong>IDENTIDAD DEL RESPONSABLE<\/strong><\/p>\n\n<p>Titular: SPA 4 HOTELS S.L.<br \/>Domicilio: Avda. Paral.lel, 91 bis \u2013 entlo 2\u00aa 08004 Barcelona \u2013 Espa\u00f1a.<br \/>NIF 06.872.402<br \/>Correo electr\u00f3nico: info@spa4hotels.es<br \/>Sitio Web: https:\/\/www.spa4hotels.es<\/p>\n\n<p><strong>PRINCIPIOS APLICADOS EN EL TRATAMIENTO DE DATOS<\/strong><\/p>\n\n<p>En el tratamiento de sus datos personales, el Titular aplicar\u00e1 los siguientes principios que se ajustan a las exigencias del nuevo reglamento europeo de protecci\u00f3n de datos (RGPD):<\/p>\n\n<p>Principio de licitud, lealtad y transparencia: El Titular siempre requerir\u00e1 el consentimiento para el tratamiento de los datos personales que puede ser para uno o varios fines espec\u00edficos sobre los que el Titular informar\u00e1 al Usuario previamente con absoluta transparencia.<\/p>\n\n<p>Principio de minimizaci\u00f3n de datos: El Titular solicitar\u00e1 solo los datos estrictamente necesarios para el fin o los fines que los solicita.<\/p>\n\n<p>Principio de limitaci\u00f3n del plazo de conservaci\u00f3n: El Titular mantendr\u00e1 los datos personales recabados durante el tiempo estrictamente necesario para el fin o los fines del tratamiento. El Titular informar\u00e1 al Usuario del plazo de conservaci\u00f3n correspondiente seg\u00fan la finalidad.<\/p>\n\n<p>En el caso de suscripciones, el Titular revisar\u00e1 peri\u00f3dicamente las listas y eliminar\u00e1 aquellos registros inactivos durante un tiempo considerable.<\/p>\n\n<p>Principio de integridad y confidencialidad: Los datos personales recabados ser\u00e1n tratados de tal manera que su seguridad, confidencialidad e integridad est\u00e9 garantizada.<\/p>\n\n<p>El Titular toma las precauciones necesarias para evitar el acceso no autorizado o uso indebido de los datos de sus usuarios por parte de terceros.<\/p>\n\n<p><strong>OBTENCI\u00d3N DE DATOS PERSONALES<\/strong><\/p>\n\n<p>Para navegar por https:\/\/www.spa4hotels.es no es necesario que facilite ning\u00fan dato personal.<\/p>\n\n<p>Los casos en los que usted s\u00ed proporciona sus datos personales son los siguientes:<\/p>\n\n<p>Al contactar a trav\u00e9s de los formularios de contacto o enviar un correo electr\u00f3nico.<\/p>\n\n<p>Al realizar un comentario en un art\u00edculo o p\u00e1gina.<\/p>\n\n<p>Al comprar un producto o contratar un servicio.<\/p>\n\n<p>Al inscribirse en un formulario de suscripci\u00f3n o un bolet\u00edn que el Titular gestiona con MailChimp.<\/p>\n\n<p><strong>DERECHOS<\/strong><\/p>\n\n<p>El Titular le informa que sobre sus datos personales tiene derecho a:<\/p>\n\n<p>Solicitar el acceso a los datos almacenados.<\/p>\n\n<p>Solicitar una rectificaci\u00f3n o la cancelaci\u00f3n.<\/p>\n\n<p>Solicitar la limitaci\u00f3n de su tratamiento.<\/p>\n\n<p>Oponerse al tratamiento.<\/p>\n\n<p>Solicitar la portabilidad de sus datos.<\/p>\n\n<p>El ejercicio de estos derechos es personal y por tanto debe ser ejercido directamente por el interesado, solicit\u00e1ndolo directamente al Titular, lo que significa que cualquier cliente, suscriptor o colaborador que haya facilitado sus datos en alg\u00fan momento, puede dirigirse a SPA 4 HOTELS S.L. y pedir informaci\u00f3n sobre los datos que tiene almacenados y c\u00f3mo los ha obtenido, solicitar la rectificaci\u00f3n de los mismos, solicitar la portabilidad de sus datos personales, oponerse al tratamiento, limitar su uso o solicitar la cancelaci\u00f3n de esos datos en los ficheros del Titular.<\/p>\n\n<p>Para ejercitar sus derechos de acceso, rectificaci\u00f3n, cancelaci\u00f3n, portabilidad y oposici\u00f3n tiene que enviar un correo electr\u00f3nico a ho@spahotelconsulting.com junto con la prueba v\u00e1lida en derecho como una fotocopia del D.N.I. o equivalente.<\/p>\n\n<p>Tiene derecho a la tutela judicial efectiva y a presentar una reclamaci\u00f3n ante la autoridad de control, en este caso, la Agencia Espa\u00f1ola de Protecci\u00f3n de Datos, si considera que el tratamiento de datos personales que le conciernen infringe el Reglamento.<\/p>\n\n<p><strong>FINALIDAD DEL TRATAMIENTO DE DATOS PERSONALES<\/strong><\/p>\n\n<p>Cuando usted se conecta al sitio Web para mandar un correo al Titular, se suscribe a su bolet\u00edn o contrata un producto o un servicio est\u00e1 facilitando informaci\u00f3n de car\u00e1cter personal de la que el responsable es SPA 4 HOTELS S.L. Esta informaci\u00f3n puede incluir datos de car\u00e1cter personal como pueden ser su direcci\u00f3n IP, nombre y apellidos, direcci\u00f3n f\u00edsica, direcci\u00f3n de correo electr\u00f3nico, n\u00famero de tel\u00e9fono, y otra informaci\u00f3n. Al facilitar esta informaci\u00f3n, da su consentimiento para que su informaci\u00f3n sea recopilada, utilizada, gestionada y almacenada como se describe en el Aviso Legal y en la presente Pol\u00edtica de Privacidad.<\/p>\n\n<p>Los datos personales y la finalidad del tratamiento por parte del Titular es diferente seg\u00fan el sistema de captura de informaci\u00f3n:<\/p>\n\n<p>Formularios de contacto: El Titular solicita datos personales entre los que pueden estar: nombre y apellidos, direcci\u00f3n de correo electr\u00f3nico, n\u00famero de tel\u00e9fono y direcci\u00f3n de sitio Web con la finalidad de responder las consultas de los Usuarios, ofrecer informaci\u00f3n y demostraciones de los productos y servicios del Titular, incluidos presupuestos.<\/p>\n\n<p>Por ejemplo, SPA 4 HOTELS S.L. utiliza esos datos para dar respuesta a mensajes, dudas, quejas, comentarios o inquietudes que pueden tener los Usuarios relativas a la informaci\u00f3n incluida en el sitio Web, los productos y los servicios que se prestan a trav\u00e9s del sitio Web, el tratamiento de los datos personales, cuestiones referentes a los textos legales incluidos en el sitio Web, as\u00ed como cualquier otra consulta que el Usuario pueda tener y que no est\u00e9 sujeta a las condiciones del sitio Web o de las condiciones de contrataci\u00f3n.<\/p>\n\n<p>Formularios de contrataci\u00f3n de productos o servicios: El Titular solicita datos personales entre los que pueden estar: nombre y apellidos, documento de identidad (n\u00famero de identificaci\u00f3n fiscal, n\u00famero de identificaci\u00f3n de extranjero, pasaporte o permiso de residencia), direcci\u00f3n de correo electr\u00f3nico, direcci\u00f3n postal, n\u00famero de tel\u00e9fono y datos de pago (m\u00e9todos de pago o datos bancarios) con la finalidad de mantener una relaci\u00f3n comercial con el Usuario, realizar el env\u00edo de los pedidos, prestar los servicios contratados y para realizar la facturaci\u00f3n y el cobro de los productos o servicios contratados.<\/p>\n\n<p>Formularios de suscripci\u00f3n a contenidos: El Titular solicita los siguientes datos personales: nombre y apellidos, direcci\u00f3n de correo electr\u00f3nico, n\u00famero de tel\u00e9fono y direcci\u00f3n de un sitio web para gestionar la lista de suscripciones, enviar boletines, promociones y ofertas especiales.<\/p>\n\n<p>Los datos personales facilitados al Titular estar\u00e1n ubicados en los servidores de The Rocket Science Group LLC d\/b\/a, con domicilio en EEUU. (Mailchimp).<\/p>\n\n<p>Existen otras finalidades por las que el Titular trata datos personales:<\/p>\n\n<p>Para garantizar el cumplimiento de las condiciones recogidas en el Aviso Legal y en la ley aplicable. Esto puede incluir el desarrollo de herramientas y algoritmos que ayuden a este sitio Web a garantizar la confidencialidad de los datos personales que recoge.<\/p>\n\n<p>Para apoyar y mejorar los servicios que ofrece este sitio Web.<\/p>\n\n<p>Para analizar la navegaci\u00f3n de los usuarios. El Titular recoge otros datos no identificativos que se obtienen mediante el uso de cookies que se descargan en el ordenador del Usuario cuando navega por el sitio Web cuyas caracter\u00edsticas y finalidad est\u00e1n detalladas en la Pol\u00edtica de Cookies .<\/p>\n\n<p>Para gestionar las redes sociales. SPA 4 HOTELS S.L. tiene presencia en redes sociales. Si usted se hace seguidor en las redes sociales del Titular el tratamiento de los datos personales se regir\u00e1 por este apartado, as\u00ed como por aquellas condiciones de uso, pol\u00edticas de privacidad y normativas de acceso que pertenezcan a la red social que proceda en cada caso y que ha aceptado previamente.<\/p>\n\n<p>Puede consultar las pol\u00edticas de privacidad de las principales redes sociales en estos enlaces:<\/p>\n\n<p>Facebook<br \/>Twitter<br \/>Linkedin<br \/>YouTube<br \/>Instagram<\/p>\n\n<p>El Titular tratar\u00e1 sus datos personales con la finalidad de administrar correctamente su presencia en la red social, informarle de sus actividades, productos o servicios, as\u00ed como para cualquier otra finalidad que las normativas de las redes sociales permitan.<\/p>\n\n<p>En ning\u00fan caso el Titular utilizar\u00e1 los perfiles de seguidores en redes sociales para enviar publicidad de manera individual.<\/p>\n\n<p><strong>SEGURIDAD DE LOS DATOS PERSONALES<\/strong><\/p>\n\n<p>Para proteger sus datos personales, el Titular toma todas las precauciones razonables y sigue las mejores pr\u00e1cticas de la industria para evitar su p\u00e9rdida, mal uso, acceso indebido, divulgaci\u00f3n, alteraci\u00f3n o destrucci\u00f3n de los mismos.<\/p>\n\n<p>La seguridad de los datos est\u00e1 garantizada, ya que toman todas las medidas de seguridad necesarias para ello. Puede consultar su pol\u00edtica de privacidad para tener m\u00e1s informaci\u00f3n.<\/p>\n\n<p><strong>CONTENIDO DE OTROS SITIOS WEB<\/strong><\/p>\n\n<p>Las p\u00e1ginas de este sitio Web pueden incluir contenido incrustado (por ejemplo, v\u00eddeos, im\u00e1genes, art\u00edculos, etc.). El contenido incrustado de otras web se comporta exactamente de la misma manera que si hubiera visitado la otra web.<\/p>\n\n<p>Estos sitios Web pueden recopilar datos sobre usted, utilizar cookies, incrustar un c\u00f3digo de seguimiento adicional de terceros, y supervisar su interacci\u00f3n usando este c\u00f3digo.<\/p>\n\t\t\t\t\t\t\t\t<\/div>\n\t\t\t\t<\/div>\n\t\t\t\t\t<\/div>\n\t\t<\/div>\n\t\t\t\t\t<\/div>\n\t\t<\/section>\n\t\t\t\t<\/div>\n\t\t","protected":false},"excerpt":{"rendered":"<p>Le informamos sobre nuestra Pol\u00edtica de Privacidad respecto del tratamiento y protecci\u00f3n de los datos de car\u00e1cter personal de los usuarios y clientes que puedan ser recabados durante la navegaci\u00f3n, al comprar un producto o contratar un servicio a trav\u00e9s del sitio Web www.spaserena.com En este sentido, SPA 4 HOTELS S.L., garantiza el cumplimiento de [&hellip;]<\/p>\n","protected":false},"author":1,"featured_media":0,"parent":0,"menu_order":0,"comment_status":"closed","ping_status":"closed","template":"","meta":{"footnotes":""},"class_list":["post-3","page","type-page","status-publish","hentry"],"_links":{"self":[{"href":"https:\/\/spa4hotels.com\/index.php?rest_route=\/wp\/v2\/pages\/3","targetHints":{"allow":["GET"]}}],"collection":[{"href":"https:\/\/spa4hotels.com\/index.php?rest_route=\/wp\/v2\/pages"}],"about":[{"href":"https:\/\/spa4hotels.com\/index.php?rest_route=\/wp\/v2\/types\/page"}],"author":[{"embeddable":true,"href":"https:\/\/spa4hotels.com\/index.php?rest_route=\/wp\/v2\/users\/1"}],"replies":[{"embeddable":true,"href":"https:\/\/spa4hotels.com\/index.php?rest_route=%2Fwp%2Fv2%2Fcomments&post=3"}],"version-history":[{"count":6,"href":"https:\/\/spa4hotels.com\/index.php?rest_route=\/wp\/v2\/pages\/3\/revisions"}],"predecessor-version":[{"id":599,"href":"https:\/\/spa4hotels.com\/index.php?rest_route=\/wp\/v2\/pages\/3\/revisions\/599"}],"wp:attachment":[{"href":"https:\/\/spa4hotels.com\/index.php?rest_route=%2Fwp%2Fv2%2Fmedia&parent=3"}],"curies":[{"name":"wp","href":"https:\/\/api.w.org\/{rel}","templated":true}]}}